?
-720a
In base 7, what is -333 - 1261?
-1624
In base 4, what is 2330222230 - 120?
2330222110
In base 13, what is 263 + 75a2c?
75c92
In base 11, what is 50716766 + 5?
50716770
In base 2, what is -10010101110000000001010 - 100101?
-10010101110000000101111
In base 9, what is 6 + -1451664?
-1451657
In base 5, what is 434 - 24431?
-23442
In base 8, what is 1 - -137322065?
137322066
In base 15, what is -1091a - 181d?
-12238
In base 15, what is 459a658 + -1?
459a657
In base 14, what is -2 + 1700d3c8?
1700d3c6
In base 9, what is 16233008 + -85?
16232813
In base 14, what is 2 + -a175a37?
-a175a35
In base 6, what is -3 + -5055252?
-5055255
In base 8, what is -1070376 + 5?
-1070371
In base 9, what is -655546 - 3?
-655550
In base 11, what is 3447a9a6 - -4?
3447a9aa
In base 12, what is 1 + -1026b2?
-1026b1
In base 10, what is 1556 - 18496?
-16940
In base 11, what is 141719 - 18?
141701
In base 16, what is -8e5f1 + -9?
-8e5fa
In base 4, what is 1 - -1002020100321?
1002020100322
In base 5, what is -144101 + -142221?
-341322
In base 8, what is 72735 + -10736?
61777
In base 4, what is 11301133310 + 1222?
11301201132
In base 2, what is 1010110110100111 + 1010100110?
1011000001001101
In base 2, what is 111110100111110100100 - 101101?
111110100111101110111
In base 9, what is 4421342 - 36?
4421305
In base 15, what is e3b02 + -224?
e38cd
In base 7, what is -146 + -131435646?
-131436125
In base 8, what is 5 + -71102635?
-71102630
In base 6, what is -214151521 - 13?
-214151534
In base 3, what is -201221 - -212211110?
212002112
In base 11, what is 2156208 - -a3?
2156300
In base 16, what is -ff00 + 1f?
-fee1
In base 15, what is -24a1b98 - -2?
-24a1b96
In base 16, what is -38ee6 + -af?
-38f95
In base 14, what is c36b9 + 8?
c36c3
In base 8, what is 74 - 42641461?
-42641365
In base 9, what is -375328060 - 5?
-375328065
In base 8, what is 23027 + -341?
22466
In base 3, what is 22022 + 21000021110?
21000120202
In base 9, what is 358 - -140224?
140583
In base 2, what is 1010001000100000010 + -101001?
1010001000011011001
In base 14, what is 106d - 4ac?
9a1
In base 7, what is -3554113 - -4?
-3554106
In base 8, what is -3 + 334701144?
334701141
In base 8, what is 3115 + 130551?
133666
In base 11, what is 4 - -1068427?
1068430
In base 9, what is -128 + -1625436?
-1625565
In base 7, what is -6 - 316261?
-316300
In base 10, what is -225433 + 6?
-225427
In base 12, what is 203509 - -58?
203565
In base 14, what is 317 + -dc72?
-d959
In base 14, what is -59039 - -63?
-58db6
In base 10, what is 2053204 + 5?
2053209
In base 13, what is -6cac190 - 2?
-6cac192
In base 6, what is -5 - 10430445?
-10430454
In base 14, what is -3395 + 1ca7?
-14cc
In base 6, what is -4134 + -210401?
-214535
In base 2, what is -11011011100110010010000 - 0?
-11011011100110010010000
In base 16, what is 9a3 + 736c?
7d0f
In base 14, what is 0 - -2a3d293?
2a3d293
In base 13, what is -19 - -714670?
714654
In base 13, what is -1416b - -201?
-13c6a
In base 9, what is -26 + 1125541?
1125514
In base 15, what is -5 + -12c7bdd?
-12c7be3
In base 15, what is 4428d6e + -6?
4428d68
In base 12, what is -5 - -17a7032?
17a7029
In base 7, what is -432 + -115633?
-116365
In base 6, what is -33523 + -120341?
-154304
In base 5, what is 24230332204 + -1?
24230332203
In base 4, what is -1120 - 2223020131?
-2223021311
In base 10, what is 38544 - 493?
38051
In base 13, what is 11 + 4953b4?
4953c5
In base 5, what is 234432140 + -10?
234432130
In base 12, what is 90a360 - 102?
90a25a
In base 16, what is 17b1 + d0?
1881
In base 12, what is -2922 + -5907?
-8629
In base 13, what is -157518 - 23?
-15753b
In base 5, what is 4 - 11032304302?
-11032304243
In base 7, what is -15452 + 2035?
-13414
In base 13, what is 1b476 - -18c?
1b635
In base 8, what is -537410 + 4315?
-533073
In base 13, what is 2275575 + 1?
2275576
In base 5, what is 4010 + -1044114?
-1040104
In base 7, what is -3265633366 + -4?
-3265633403
In base 7, what is 3521 - 44015?
-40164
In base 14, what is 5c81db - -3?
5c8200
In base 3, what is -12 + 101111022?
101111010
In base 11, what is -395442 + 70a?
-394833
In base 13, what is 9b4a3 - 9?
9b497
In base 11, what is 69434 - -834?
6a168
In base 4, what is -211 + 3233302322?
3233302111
In base 7, what is 2 - -12012331201?
12012331203
In base 6, what is 14 + 153133322?
153133340
In base 13, what is 44161c86 + -4?
44161c82
In base 4, what is -10 - 303102102211?
-303102102221
In base 2, what is -11000111011000010001100 + -11?
-11000111011000010001111
In base 4, what is -230230 - 11003013?
-11233303
In base 2, what is -1110110 + -1000001110110101011011?
-1000001110110111010001
In base 7, what is 14 + 26366261?
26366305
In base 8, what is -540 - 207462?
-210222
In base 6, what is -12 - 2010123031?
-2010123043
In base 3, what is -11001022121 - -10102?
-11001012012
In base 11, what is 9 - -1037375?
1037383
In base 7, what is -22305613 - 234?
-22306150
In base 11, what is -5 - -6523995a?
65239955
In base 13, what is 1b68 + -a246?
-83ab
In base 13, what is 1022bc8 - 1?
1022bc7
In base 15, what is -250 - -2c3cb?
2c17b
In base 2, what is 101111010 + -1111001100010101010?
-1111001011100110000
In base 14, what is 4b - 1b16d8?
-1b168b
In base 7, what is -166132 - 2211?
-201343
In base 3, what is -1020221012 - -201002?
-1020020010
In base 16, what is -2 + -4c2d195?
-4c2d197
In base 14, what is -3da4ad6b + -2?
-3da4ad6d
In base 16, what is 6839 + 66?
689f
In base 10, what is -389225 - 51?
-389276
In base 4, what is 20 - 300112312?
-300112232
In base 15, what is 3a - -8bc24?
8bc5e
In base 7, what is -5345 - -1346611?
1341233
In base 13, what is -57b + -5a04?
-6282
In base 5, what is -143144 - -14023?
-124121
In base 6, what is -134020233 + -31?
-134020304
In base 9, what is -336877364 - 5?
-336877370
In base 16, what is db51 - -5b?
dbac
In base 10, what is 32 + 2520918?
2520950
In base 3, what is -11120 - 2000211002012?
-2000211020202
In base 15, what is 30 + -466909?
-4668c9
In base 10, what is -2266 + 62261?
59995
In base 9, what is -75878 + -8570?
-85558
In base 9, what is 5337 - -30187?
35535
In base 2, what is 10010110111111000110100100 - -111?
10010110111111000110101011
In base 4, what is -1 - 32103021212301?
-32103021212302
In base 16, what is 53 - 2be8?
-2b95
In base 11, what is -181048 + 614?
-180534
In base 6, what is 23 - -45043452?
45043515
In base 12, what is 24 - -b7744a?
b77472
In base 16, what is 3 - -dbfbb3?
dbfbb6
In base 14, what is 160962 - -321?
160c83
In base 15, what is -16 + -18a3dcb?
-18a3de2
In base 3, what is -22112111210 + -1021?
-22112120001
In base 15, what is 7be0 - c5?
7b1a
In base 7, what is -4 - 3266225203?
-3266225210
In base 12, what is -20b7152 - 2?
-20b7154
In base 11, what is 1077560 - -8?
1077568
In base 8, what is -1176005 - 46?
-1176053
In base 12, what is 174 - 259a?
-2426
In base 13, what is -2283 - -11647?
c394
In base 14, what is a58959 + -36?
a58923
In base 3, what is 20120220110110 - 11?
20120220110022
In base 4, what is 10 - -33201000130?
33201000200
In base 11, what is 616 - -62691?
631a7
In base 6, what is 23021502 + -10?
23021452
In base 13, what is -16416b + 97?
-1640a4
In base 9, what is -1 + 1186751?
1186750
In base 11, what is -881535 - 242?
-881777
In base 12, what is b0 + 112131?
112221
In base 10, what is 302857670 - -2?
302857672
In base 11, what is 6705 + a1a?
7624
In base 6, what is -34 - -4122530?
4122452
In base 11, what is -27a53589 + -3?
-27a53591
In base 13, what is 441c483 + 5?
441c488
In base 6, what is 23042 - -120122?
143204
In base 15, what is -1cd90 + -488?
-1d328
In base 14, what is 15ab3273 + -2?
15ab3271
In base 12, what is 70 - 3526003?
-3525b53
In base 15, what is 75c + -602?
15a
In base 11, what is 588 - -14816?
152a3
In base 9, what is 375786 + -8?
375777
In base 2, what is 11000100101000100110010 + 11?
11000100101000100110101
In base 16, what is 45 - 113b9?
-11374
In base 7, what is -2 - -15403100?
15403065
In base 8, what is 22050 - -721?
22771
In base 11, what is 2 + 10704408a?
107044091
In base 11, what is a5a - 937?
123
In base 2, what is -11101 - 1000110001001010001?
-1000110001001101110
In base 12, what is -4 - 4573a954?
-4573a958
In base 6, what is 1010 + -150504?
-145454
In base 11, what is 3 + 4653944?
4653947
In base 10, what is 232669 - 5?
232664
In bas